Let s(j) be the first derivative of j**3/3 - 3*j**2 + j - 13. What is s(7)?
8
Let v(d) = d**2 + 6*d - 10. Let t(o) = o**3 - 2*o**2 - 3*o + 2. Let s be t(3). Suppose -4*w - 26 = -s*w - 2*y, 3*y = 2*w + 31. Calculate v(w).
6
Let z(u) = 11*u**2 - 16*u + 11. Let d(s) = 9*s**2 - 16*s + 10. Let w(p) = -6*d(p) + 5*z(p). What is w(-17)?
12
Let v(f) be the first derivative of f**4/4 + 5*f**3/3 - f**2 - 16*f + 114. Determine v(-5).
-6
Suppose 77 = 9*r + 50. Let x be 2 + -4 + 6/3. Let i(l) = x - 3*l**2 - l**2 + l**2 - 1 + 2*l. Determine i(r).
-22
Let c(f) = -285*f**2 - 6 + 283*f**2 + 4*f + 15. Calculate c(5).
-21
Let o(a) = -2*a. Suppose 5*h = 86 + 29. Let l be 2 + (-3 + h)/(-1). Let q = l - -20. Calculate o(q).
-4
Let h(k) = -k**2 + 5*k + 2. Let v(g) = -g - 2. Let q be v(-16). Suppose q = 3*c - 1. What is h(c)?
2
Suppose -4*y = 4 + 36. Let n(b) = -b - 12. What is n(y)?
-2
Let p(a) be the first derivative of 0*a + 4 + 2/3*a**3 - 2*a**2 + 1/12*a**4. Let l(o) be the second derivative of p(o). Determine l(-3).
-2
Let s(k) be the first derivative of k**6/120 - k**5/12 - k**4/4 - k**3/6 + 4*k**2 + 13. Let z(c) be the second derivative of s(c). Give z(6).
-1
Let x = 780 - 781. Let q(a) = -3*a**3 - a**2 - 4*a - 4. Determine q(x).
2
Let p(d) = -d**2 + 29*d + 162. Let u be p(34). Let z(k) = -5*k - 5. Let w(r) = 26*r + 24. Let a(q) = 3*w(q) + 16*z(q). What is a(u)?
8
Suppose g = 42 + 26. Suppose 6 = -3*j - 6. Let c be g/20 + j/10. Let f(s) = s**3 - 2*s**2 + 3*s - 4. Determine f(c).
14
Let n(l) = 8*l**2 + l - 1. Suppose -3*z = 5*a - 34, -2*z + 5 + 1 = -5*a. Suppose 15 = -5*d + 4*g, d + 4*g - z - 13 = 0. Give n(d).
8
Let y(f) = -2*f - 12. Suppose 5*q + 2 = -m, -2*q - 2*m + 1 = 5. What is y(q)?
-12
Suppose -5*b = 2*z - 0*b - 31, -4*z + 37 = 5*b. Let a be 0 - 3/(-1) - 5 - -5. Let l(p) = 5 - z*p**2 + 4*p**a - 3*p**3 - 2*p**3 + 6*p**2. Determine l(4).
-11
Let b(v) = 1. Let i(w) = w - 6. Let d(o) = 5*b(o) + i(o). Suppose -3*q + 153 = 168. Give d(q).
-6
Let g(k) = k**3 + 4*k**2 - 2*k - 6. Let z be g(-4). Let l(t) = -4 + 8*t + t**z + 4 + 7. Suppose -2*j + 7 - 19 = 0. Determine l(j).
-5
Let g(t) = -t**2 - 10*t - 9. Let w(d) = 7*d**3 - 2 - d**2 - 18 + 17 - 3*d. Let y be w(-1). Calculate g(y).
7
Let c(k) = 5*k**2 - 6*k + 11. Let n(s) = -12*s**2 + 12*s - 23. Let w(v) = 7*c(v) + 3*n(v). Determine w(-7).
1
Let v(b) = -10*b - 1. Suppose 1 = r - m, -5*r - 3*m - 27 = -2*r. Let y be 0*r/16 + 2. Calculate v(y).
-21
Let n(y) be the second derivative of y**4/6 - y**3/6 - 4*y**2 + 12*y. Let g(p) be the first derivative of n(p). Let h be (-3)/(-6)*2*-1. Give g(h).
-5
Let g be (15/(-25))/((9/(-3))/15). Let h(f) = -17*f**2 + 12 + g*f - 22 + 11 - 4*f. Determine h(1).
-17
Let h = -57 - -59. Let a(s) = 1262 - s**2 - s + h*s**2 - 1259 + 6*s. Calculate a(-2).
-3
Let u(v) be the third derivative of -v**5/60 + 7*v**4/24 + 2*v**3/3 - 14*v**2. What is u(4)?
16
Let i = -21 - -27. Let o(x) = x + 3. Let t be o(-4). Let k = i + t. Let m(v) = -v + 1. Give m(k).
-4
Let o(f) be the first derivative of 4*f**3/3 + f**2/2 + f - 1. Let k be 3 + 6 + -5 + 8 + -14. Calculate o(k).
15
Let h(w) be the first derivative of -w**5/60 + w**3/6 + 3*w**2/2 + 4. Let k(y) be the second derivative of h(y). Suppose 5 = 2*o + 3. Determine k(o).
0
Let y(d) = 6*d**3 - 10*d**2 - 3*d - 14. Let m(s) = -7*s**3 + 11*s**2 + s + 14. Let u(z) = -5*m(z) - 6*y(z). Calculate u(7).
7
Let k(x) = -5*x**2 + 2*x + 2. Let z be (0/2)/(16 + -17). Suppose z = 116*o - 114*o + 4. Give k(o).
-22
Let g(l) = l**3 + l**2 - l + 1. Let z be g(1). Let c(v) = -z*v - 6*v + 3*v + 6 + v**2. Suppose -30*y + 43*y - 78 = 0. Calculate c(y).
12
Let g(l) = -12*l - 84. Let f be g(-7). Let i(n) be the third derivative of -2*n**2 + 0*n + 1/6*n**3 + 1/12*n**4 + f. Determine i(2).
5
Let o(m) = 5*m + 3 + 2 - 1 + 0*m**2 + m**2. Let x be (-1 - 26/7) + (-350)/1225. Calculate o(x).
4
Let s(h) be the third derivative of -h**6/120 + 7*h**5/30 + 7*h**3/6 - 129*h**2. Determine s(14).
7
Suppose 0 = 4*c + 3*f - 49, 0 = 4*c + 4*f - 32 - 12. Suppose v + 0 = 3*y + c, 5*v - 14 = 4*y. Let a(k) = -2*k - 9. Calculate a(y).
3
Let g(n) be the second derivative of n**4/12 + n**2 + 2*n + 174. Let v(b) = b - 8. Let z(j) = j - 9. Let w(k) = -3*v(k) + 2*z(k). Let s be w(6). Calculate g(s).
2
Let c(f) = 2*f + 11. Let v be ((-54)/(-2) + -4)/1. Let a = 16 - v. Let u = a - 1. Give c(u).
-5
Let w(l) be the second derivative of l**5/20 + 3*l**4/4 - l**3/6 - 5*l**2/2 + 9*l + 3. Give w(-9).
4
Let o(c) = -c**2 + 7*c - 8. Let d(a) = -3*a**2 + 22*a - 25. Let p(m) = 2*d(m) - 7*o(m). Suppose 59*l - 8 = 57*l. What is p(l)?
2
Let f be 4 + -4 + (2 - 7). Let j(y) = -13 + 5*y**2 + y + 2*y**3 + 17 - 5 - y**3. Calculate j(f).
-6
Let p(o) = o**3 - 4*o**2 - 4*o - 3. Let i be (-1 + 6)*(6 - (-12 + 17)). Determine p(i).
2
Let v(p) = 13*p - 2 + 5*p + 6*p - 5*p - 18*p. Give v(0).
-2
Let g(d) be the first derivative of -d**3/3 - d**2 - 93. What is g(3)?
-15
Suppose 3*u = 19*u - 96. Let r(h) = -6*h + 1. Determine r(u).
-35
Suppose 10*n = 11*n. Suppose n = -10*m + 3*m. Let f(d) = -d**3 - 15. What is f(m)?
-15
Let n(t) be the third derivative of -t**5/120 + t**4/4 + t**3/6 - 2*t**2. Let j(d) be the first derivative of n(d). Let s be 2 + -1 + (-12)/(-3). What is j(s)?
1
Let x(i) be the third derivative of i**5/20 - i**4/12 - i**3/6 - 33*i**2. Calculate x(2).
7
Let z(m) = -2*m + 11. Let h be -3 + 6 + -1 - -1. Give z(h).
5
Let b(v) = 2*v**3 - 3*v**2 + 5*v + 9. Let u = 55 - 48. Let c(p) = -2*p**3 + 3*p**2 - 4*p - 8. Let d(k) = u*c(k) + 6*b(k). Determine d(3).
-23
Let n(f) = 7*f - 44. Let u(d) = 112*d - 700. Let j(g) = -63*n(g) + 4*u(g). Calculate j(4).
0
Let p be 6 + -6 - 2/(-1) - -299. Let w(f) = 296*f - 595*f - 10 + p*f. Give w(9).
8
Let i(y) = -61*y**2 - 10*y + 3. Let n(u) = 73*u**2 + 10*u - 2. Let x(t) = -6*i(t) - 5*n(t). Determine x(-12).
16
Let q(g) = g**3 - g**2 + 13. Let y = -2 - 0. Let a(s) = -2*s - 4. Let v be a(y). Let k be v/((-1)/(1/2)). Determine q(k).
13
Let u(x) be the second derivative of -x**3/2 + 39*x**2/2 + 406*x. Determine u(14).
-3
Let h(s) = 4*s**3 - 8*s**2 + 9*s - 4. Let q(x) = x**3 - x**2 + x - 1. Let d(k) = -h(k) + 6*q(k). Let p(a) = a + 8. Let y be p(-10). Calculate d(y).
-4
Let s be (12/5)/(27/90). Let o(n) = -n + 9. Determine o(s).
1
Suppose 27 = -6*f - 9. Let t(n) = -3*n**2 - n + 7. Let k(p) = 1. Let q(g) = f*k(g) + t(g). Determine q(1).
-3
Let p be (1 + 0)/(5/70). Suppose 5*b = 36 + p. Let g(f) = -8 + b*f + 5 + 4. What is g(-1)?
-9
Let u(l) = 0 - 3 + 1 + 5 - 8 - 2*l. Calculate u(-8).
11
Let q(y) be the third derivative of 0*y - y**3 - 1/10*y**5 + 0 + 1/120*y**6 + 1/24*y**4 - 11*y**2. What is q(6)?
0
Let g = 129 - 124. Let t(q) = 1 - g - 4*q + 5 + 7*q. Determine t(-2).
-5
Let h(x) = -12*x**2 + 1. Suppose 4*r - 13 = -5*u, -r + 5*r = -u + 9. Calculate h(u).
-11
Let t(b) = -6*b + 7*b + 9 - 4. Let g(p) = -3*p**2 + 24*p - 6. Let h be g(8). Determine t(h).
-1
Let m(t) = t**3 + 5*t**2 - t - 2. Let q = -1201 + 1196. What is m(q)?
3
Let t = -6 + -11. Let z = -8 - t. Let p(o) = z*o + 3 - 19*o + 9*o. Determine p(9).
-6
Let h(t) = 3*t**3 - 7*t**2 - t + 6. Let r(u) = -4*u**3 + 8*u**2 + u - 8. Let d(m) = -3*h(m) - 2*r(m). Give d(4).
18
Suppose 17*o = -90 - 131. Let y(d) = d**3 + 13*d**2 + d + 12. Determine y(o).
-1
Suppose -22*y + 24*y = -g - 22, 20 = -5*g. Let r(m) = -m**3 - 10*m**2 - 8*m + 6. What is r(y)?
-3
Let j(f) = -2*f. Let n = -362 - -357. Determine j(n).
10
Let q(p) be the first derivative of -p**3/3 - 22*p - 31. Give q(0).
-22
Suppose 18*h + 0*h = -12*h. Let t(o) = -6*o - 2. What is t(h)?
-2
Let r(u) = -u**3 - 7*u**2 + 8*u + 2. Let j(h) = -2*h - 2. Let v be j(3). Let g be r(v). Let k(q) = q + 14 - 31 + 13. What is k(g)?
-2
Let f(q) be the third derivative of -q**4/8 - 4*q**3/3 + 2*q**2. Let y(j) = j. Let u(m) = -f(m) - 4*y(m). Determine u(6).
2
Suppose 3*f - 19 + 1 = 0. Let j(o) be the second derivative of o**4/12 - 7*o**3/6 - o**2/2 + 1144*o + 2. Calculate j(f).
-7
Suppose -4*z + 0 = k - 10, -16 = -2*z + 5*k. Suppose 2*w + 2*g = -2, -z*w - 5*g = -0*w + 13. Let r(t) = t**3 - 5*t**2 + 5*t. Determine r(w).
4
Suppose 5*z + 12 = -4*c, 19 = 2*c - 4*z - 1. Suppose 6 - 2 = c*y. Let a(h) = -h**2 + 4*h - 2. Give a(y).
2
Let t(b) = 130*b**2 - 4*b - 126*b**2 + 2 - 5*b**3 - 8. Let p(q) = q**3 - q**2 + q + 1. S